+ 9*k - 11*k. Calculate u(y).
-4
Let u(m) = -3*m**2 + 0*m**3 + 3 - 2*m + m**2 + 2*m**3. Suppose 2*d + 20 = -4*h, 4*h = 3*d - 53 + 23. Determine u(d).
7
Let q(c) = -2*c**2 - 2*c - 1. Let x be (21/(-12))/(-7) - 15/12. Determine q(x).
-1
Let y(q) be the third derivative of q**6/720 - q**5/30 + 7*q**4/12 - 14*q**2. Let w(g) be the second derivative of y(g). Give w(8).
4
Let s(d) = -4*d - 41. Let q be s(-12). Suppose -q = 2*r + 9. Let b(h) = -h - 4. What is b(r)?
4
Suppose -6 = 10*c + 4. Let u(x) = -34*x. Determine u(c).
34
Suppose k - 3 = 3*p, 5*k = 4*k + 4*p + 3. Suppose 0*h - k*h = 9. Let v(z) = -z**3 - 2 - 2 - 2*z**2 - z**2 + 0. Give v(h).
-4
Suppose 12*a - 195 = -159. Let b(o) = -1 + 0*o**2 - o**2 + 4*o + 0*o**2. What is b(a)?
2
Let v = 68 - 65. Let j(r) = 4 - r + 3 + v*r - r. Give j(6).
13
Let i(d) = 11 + 22 + 35 + 5*d - 33. Determine i(-7).
0
Let j = 1157 - 1163. Let s(m) = -m**3 - 5*m**2 + 3*m + 4. Calculate s(j).
22
Let i(f) = -10*f + 3. Let u be 2*(4 - (-2 + 2)). Suppose -2*o = -12 + u. Give i(o).
-17
Let h = 6 + -3. Suppose 3*m + 0 - h = 0, 0 = -a - 5*m + 8. Let l(w) = 0*w + 2 - 4 + w**2 - w. Determine l(a).
4
Let p(t) = 7*t**2 + 17*t - 20. Let h(q) = 11*q**2 + 26*q - 30. Let l(f) = -5*h(f) + 8*p(f). Let x = -35 + 27. What is l(x)?
6
Let z = -9 + 2. Let v(h) = -6*h - 31. Let x(c) = 7*c + 36. Let q(l) = 6*v(l) + 5*x(l). What is q(z)?
1
Let u(a) be the first derivative of -2*a**3/3 - a**2/2 - a - 27. Determine u(-1).
-2
Let q be ((-22)/33)/(4/(-342)). Let v = q + -38. Let j(d) = 8*d + 18*d - d**2 - v*d. Calculate j(6).
6
Let w(i) = 11*i**2 + 16*i + 0*i**2 - 21 + 3*i**3 - 2*i**3. Calculate w(-9).
-3
Let s(l) = -2 - 37*l - 5*l**2 - 30*l + 66*l. Calculate s(-2).
-20
Let d(f) be the third derivative of -f**4/24 + 4*f**3/3 + 5*f**2. Let i be d(10). Let q(y) = -y**3 - 3*y**2 - 3*y - 1. Determine q(i).
1
Let v(s) = s**2 - 4. Let i be v(3). Suppose -3*a - 2 + i = 0. Let o(u) be the third derivative of u**6/20 + u**4/24 - 529*u**2. Calculate o(a).
7
Let t = 13 + -12. Let q(v) = 0*v**3 - 3*v**2 + v - 1 + t - 2 + v**3. Suppose -5*s - c + 11 = -2, 5*s - 3*c = 21. Calculate q(s).
1
Let t(q) = -7*q + 1. Let h(l) = -2*l - 4. Let f(i) = -3*h(i) + t(i). Let u = -24 + 35. What is f(u)?
2
Let k(n) be the second derivative of -n**4/12 + n**3 + n**2 - 871*n. Suppose 0*i - 5*i + 25 = 0. Calculate k(i).
7
Let x(m) = m**3 - 3*m**2 - 3*m. Let s(n) = -3*n**3 + 9*n**2 + 8*n. Let o(j) = -6*s(j) - 17*x(j). Let k be o(2). Let g(a) = -a + k*a + 0*a - 1. What is g(1)?
0
Let b = 468 - 461. Let i(z) = -z**2 + 10*z - 16. Give i(b).
5
Let w(y) be the first derivative of -2*y**3 + 24 - 5*y - y**2 - 1/4*y**4. Let u be (2 - 2 - 6)/1. What is w(u)?
7
Let k(b) be the third derivative of -b**4/24 - b**3/6 - 3138*b**2. Let n be 2/3*(-3)/(-2). Calculate k(n).
-2
Let z(j) be the first derivative of -j**3/3 + j**2/2 + 10*j - 283. Give z(0).
10
Suppose 16 = 4*j - 4*g, -17*g + 10 = -5*j - 18*g. Let m(w) = 8*w. Calculate m(j).
-8
Let n(d) = -d + 1. Let y = 0 - -1. Suppose u = 5 + y. Suppose -2*h + u*h = -4. Calculate n(h).
2
Let s(l) = 6*l - 15. Suppose 3*t = -6 - 3. Let n = -16 - -9. Let m(r) = -3*r + 7. Let p(x) = n*m(x) + t*s(x). What is p(4)?
8
Let s = -226 - -233. Let k(p) = p**3 - 7*p**2 - 3*p + 2. Calculate k(s).
-19
Suppose 2*t + 20 = 5*d + 6, 3*t = -2*d + 17. Let i(l) = -3*l - 4*l + 0*l - 3 + d*l. What is i(-3)?
6
Let i(t) be the second derivative of 1/6*t**3 - 3*t + 1/12*t**4 + 0*t**2 + 0 - 1/60*t**5. Let o(w) be the second derivative of i(w). Give o(2).
-2
Let c(k) be the first derivative of -2*k**2 + 15*k - 33. Determine c(6).
-9
Let g(w) = -w + 10. Suppose -3*m + 39 = -138. Let o = -59 + m. What is g(o)?
10
Let q = -35 + 30. Let b(v) = v**3 - 11*v**2 + 11*v - 5. Let f be b(10). Let x(h) = 0*h**3 - f*h + 6 + 2*h**2 + 2*h**2 + 0*h**3 + h**3. What is x(q)?
6
Let q(i) = -4*i + 4. Let g(y) = y. Let p(h) = -6*g(h) - q(h). What is p(4)?
-12
Let w = -1816 + 1811. Let l(q) = q**3 + 6*q**2 - 2*q + 3. What is l(w)?
38
Let j(o) = -6*o**2 + 2*o - 8. Let w(r) = -r**2 + r - 1. Let y(c) = -j(c) + 5*w(c). Determine y(4).
31
Let k(w) = w + 3. Let a be (10/(-4))/(10/(-20)). Suppose 5*g - 5 = a*x - 10, -g + 5 = x. Determine k(x).
6
Let v be (-8 + (0 - -7))*(-2)/1. Let t(x) be the first derivative of -3*x + 1/4*x**4 - 2*x**3 - 2 + v*x**2. What is t(5)?
-8
Let u be (0/(-4))/((-1)/(1/(-3))). Let x(w) be the third derivative of 0*w + u + 0*w**4 - 3*w**2 + 1/3*w**3 + 1/60*w**5. What is x(4)?
18
Let l(c) = -c**2 + 3*c + 4. Let k(d) = -1. Let f(q) = 4*k(q) - l(q). Let u be f(5). Let x(w) = -u*w**2 + 6*w + 3*w**3 - 4*w**3 + 6*w**2 + 2. Determine x(5).
7
Let z(u) = u**2 + 1. Let c(g) = g**2 - 7*g - 2. Let i = -5 + 7. Let o(m) = i*z(m) - c(m). Let t be -6 + 1 + (-3)/(-12)*-4. Calculate o(t).
-2
Let z(d) be the second derivative of d**3/6 - 5*d**2/2 - 144*d. Determine z(0).
-5
Let t(b) = b**3 - 10*b**2 - 11*b - 1. Let m(u) = u**2 + 14*u + 56. Let o be m(-9). Determine t(o).
-1
Suppose 4*t = -1 - 3. Suppose 3*z - 5 = 5*x, 2*z - 7*z + 31 = 3*x. Let s(p) = -p**3 - p**2 + 0*p**x + p - 3*p**2 + 5*p**2. Calculate s(t).
1
Let n(x) = x**2 - 7*x + 10. Let o be n(2). Suppose -2*h - 2*h - 4 = o. Let t(w) = -w**3 - 2*w**2 - w. Determine t(h).
0
Let p(f) = 2*f**2 + f + 1. Let l(a) = -2*a**3 + 25*a**2 - 12*a - 1. Let j be l(12). What is p(j)?
2
Let q(i) = -4*i + 1. Let n(j) = -2*j. Let c(z) = -5*n(z) + 3*q(z). Determine c(4).
-5
Let u(g) be the third derivative of 43*g**4/24 - g**3/6 + g**2 - 45. What is u(1)?
42
Let c(g) be the first derivative of -13 + 0*g - 5/2*g**2. Let r be (-9)/21 - 48/(-14). Calculate c(r).
-15
Let a(i) = -i - 1. Let z be a(-2). Suppose 2*v + 9 - z = 0. Let d(s) = s**2 + 2*s - 3. Give d(v).
5
Let c(g) = g. Let u(j) be the third derivative of j**6/120 - 7*j**3/6 - 3*j**2. Let z be u(0). Determine c(z).
-7
Suppose 3*j = 3*s - 0*s + 24, -3*j = -2*s - 25. Suppose 53*y = 50*y - j. Let i(h) = -h**3 + 3*h - 3. Calculate i(y).
15
Let s(y) be the first derivative of y**6/120 - y**5/30 - 5*y**4/24 + y**3/3 - 21*y**2/2 - 12. Let g(b) be the second derivative of s(b). Calculate g(3).
-4
Let s(g) = -g**3 + 7*g**2 - 6*g + 5. Let d be (9 - (8 + -1))*(3 - 1). Determine s(d).
29
Suppose -3*y + 7 - 4 = 0. Suppose -5*u + 4 = -y. Let k(q) = -10*q**3 + 2*q - 1. What is k(u)?
-9
Let c(n) be the second derivative of n**3/6 + 16*n**2 + 95*n. Determine c(0).
32
Let a(s) = s**2 + 7*s. Suppose -36*l = -30*l + 48. Calculate a(l).
8
Let y(u) be the first derivative of u**2/2 + 287. Give y(-6).
-6
Suppose 54*m = 41*m + 52. Let d(h) = -h + 11. Calculate d(m).
7
Suppose -3*a + 15 + 3 = 0. Let q(x) = -x**3 + 6*x**2 + 9*x - 7. Calculate q(a).
47
Let l(g) = -2*g - 31. Let k be l(-14). Let o be (k - 32/(-12))*0. Let r(m) = o*m + 3*m - 5 - 2*m. Calculate r(0).
-5
Let s(i) = i**2 - 4*i - 10. Let t be s(6). Let g = 4 - t. Let k(a) = -4 + 2 - a + 2*a + a**2. Calculate k(g).
4
Let q(i) = 1 + 2*i - 10*i**2 + 3*i + i**3 + 4*i**2 - i. Let v be -1*(-28 - (-2 + 4)). Suppose -p - 5*p + v = 0. What is q(p)?
-4
Let n(z) = 3*z**2 + z - 4. Let b(p) = -p**2 - 5*p - 1. Let r(m) = b(m) + n(m). Give r(-1).
1
Let y(m) = m + 11. Let n(g) = 1. Let u(b) = n(b) - y(b). Let t be (-2 - 8/(-6))*9. Give u(t).
-4
Let p(z) = -z**3 + 4*z**2 + z - 2. Let x be p(4). Suppose -x*s + 0*s = 4*m + 86, 0 = -2*m + 5*s - 37. Let g be (-6)/21 - 132/m. Let d(u) = u - 3. What is d(g)?
3
Let m(v) = -v**2 - v + 1. Let o(a) = -2*a**2 - a - 1. Let r be o(-4). Let y = -19 - r. Suppose -5*g - 5*f + 0*f - y = 0, 4*g = 4*f + 16. What is m(g)?
-1
Let a(o) = -7*o. Let i(n) = -7*n. Suppose 4*k + 14 = 34. Let c(t) = k*i(t) - 4*a(t). What is c(2)?
-14
Let t be (-87)/12 + (-2 - (-18)/8). Let u(x) = -x**3 - 6*x**2 + 7*x + 8. Determine u(t).
8
Let w(n) = n + 22. Let o be (-1134)/105 + (-12)/(-15). Calculate w(o).
12
Suppose i = -0*i + 26. Let x = -24 + i. Let y(t) = -x*t**2 + 3*t + 3 + 2*t**2 - t**2 + 0*t**2. Give y(3).
3
Let p = -21 + 25. Suppose -4*k = -2*w - w - 1, -31 = -3*w - p*k. Let o(j) = 5*j**2 - 2 - 1 - j**3 + 1. Give o(w).
-2
Let x(k) be the second derivative of -k**5/20 + 2*k**4/3 - 2*k**3/3 - 15*k**2/2 - 555*k. What is x(7)?
6
Let i(a) = a**3 + 5*a**2 + 3*a + 7. Suppose 5*o = -0*q - 2*q + 133, 0 = -o + 3*q + 30. Suppose -4*r + 7 = o. Determine i(r).
-8
Let o(k) be the fir